9, 0 = -r*s + 5*i + 103. List the prime factors of s.
2, 3
Suppose -150*y = -156*y + 3108. What are the prime factors of y?
2, 7, 37
Let o(t) = 458*t - 5. What are the prime factors of o(1)?
3, 151
Let i be 3/(-1) + 2 + 7. Let m be i/(-15) + 3/(-5). What are the prime factors of (-4)/m + 70 + -1?
73
Let v be (-40)/(-22) + 6/33. Suppose v*a - 9 - 71 = 0. Let b = -23 + a. What are the prime factors of b?
17
Suppose 3*n + 14*n - 53856 = 0. List the prime factors of n.
2, 3, 11
What are the prime factors of (-69 + 273)*(1 + 7)?
2, 3, 17
Suppose 0 = -5*c + 10, -2*j + 4*c = 7*c - 592. List the prime factors of j.
293
Suppose -2*o + 144 = -3*v - 2492, 16 = -4*v. What are the prime factors of o?
2, 41
Suppose -c + 3*s + 23 + 85 = 0, -5*s = -5. Suppose 27*l - 30*l + c = 0. What are the prime factors of l?
37
Suppose -1614 = -5*t + 5*v + 1936, -10 = 2*v. What are the prime factors of t?
3, 5, 47
Let s = -21 + 31. Let p = 12 - s. What are the prime factors of p?
2
Let r = -8812 + 12729. What are the prime factors of r?
3917
Let r(h) = -h**2 + 6*h + 3. Let f be r(7). Let p be 1/(-4)*f + 2. Let b = 14 - p. What are the prime factors of b?
11
List the prime factors of ((-36)/(-16))/((-21)/(-2380)).
3, 5, 17
Let x = -1329 + 1993. List the prime factors of x.
2, 83
Suppose -z = 7 - 14. Suppose -4*h = z*m - 4*m - 28, 4*h = -5*m + 36. Suppose l = 4*l, -4*l = m*v - 44. What are the prime factors of v?
11
Let o(l) = -l**3 + 1. Let b be o(-1). Suppose -3*t - 25 = b*z + 2*z, -5*t - 3 = -3*z. List the prime factors of (-90)/40*8/t.
2, 3
Suppose -4*o - 5*q = 255, -4*o + 23 = 3*q + 272. Let l = 87 + o. What are the prime factors of l?
3
Let q = 21 - 22. Let f(p) = 19*p**2 - p. What are the prime factors of f(q)?
2, 5
Let n(f) = -61*f - 91. List the prime factors of n(-9).
2, 229
Let k(u) = 181*u**2 + 13*u + 21. What are the prime factors of k(-2)?
719
Suppose 7*w = -2*w - 72. Let t = w + 24. List the prime factors of t.
2
Suppose -5*p + 88 = -142. Let w = -31 + p. Let b = 50 - w. List the prime factors of b.
5, 7
Let g(l) = l**3 - 5*l**2 - 2*l - 11. Let c(p) = -p. Let q be c(-6). What are the prime factors of g(q)?
13
Let h(t) = 10*t - 2. Let k be h(5). Let s = 119 - k. Let p = -43 + s. What are the prime factors of p?
2, 7
Suppose d - 320 + 104 = 0. Suppose 62*n - 61*n - d = 0. What are the prime factors of n?
2, 3
Suppose 9*o - 244 = 5*o. Let z = 37 + o. What are the prime factors of z?
2, 7
Suppose 2*d + 3*d = 0. Suppose 18 = 3*x - d*x. Suppose x = 2*s - 22. List the prime factors of s.
2, 7
Let l(x) = -x**2 + 2*x - 2. Let j be l(-4). Let n = j - -99. List the prime factors of n.
73
Suppose 2*d - 81 = -q, -4*q + 3*d + 194 = -86. Suppose -l - 16 = -q. List the prime factors of l.
3, 19
Suppose -5*d + 2*d - n + 2069 = 0, -4*n = 4*d - 2764. List the prime factors of d.
13, 53
Suppose -3*m - 25 = -8*m, 2*v - 3*m = 5551. List the prime factors of v.
11, 23
Suppose -5*b + 2*n + 5 = 4*n, -2*n - 1 = -b. List the prime factors of (15 + -28)/(b/(-5)).
5, 13
Let f = -9 - -14. Suppose f*z + 3*a - 1215 = 0, -3*z - 4*a + 733 = -3*a. Suppose 6*y - z = -0*y. List the prime factors of y.
41
Let u(i) = i**2 - 4*i - 16. Let b be u(7). Suppose -b*x - 3 = -118. List the prime factors of x.
23
Suppose 30*z = 25*z + 1480. Suppose 2*k + p - 194 = 0, 4*k - p - 104 - z = 0. List the prime factors of k.
3, 11
List the prime factors of -269*-2*(-4 - (-36)/8).
269
Let k be (18/(-12))/(-1 - (-9)/6). Let j(n) = n**3 + 5*n**2 + 4*n. List the prime factors of j(k).
2, 3
Suppose -2*w = -13 + 3. Let l(c) = 39*c - 23. What are the prime factors of l(w)?
2, 43
Let w = 816 + -502. Suppose 0*b + 5*u + 616 = 2*b, b - 4*u - w = 0. List the prime factors of b.
2, 149
Let v be ((-1026)/15)/((-12)/30). Let g = v - 106. Let l = 100 - g. What are the prime factors of l?
5, 7
Let h be (1 - 2)/((-4)/24). Let g be 89/h + (-4)/(-24). What are the prime factors of 1 + g + (6 - 2)?
2, 5
Suppose -3*o + 19 = 7. Suppose -3*k - s + 62 + 43 = 0, -2*s + 142 = o*k. List the prime factors of k.
2, 17
Suppose 0*b - 286 = -b. Suppose 0*x + b = 4*x - 3*j, 3*x + 4*j = 227. List the prime factors of x.
73
Let l(q) = 10*q**2 - 55*q - 470. What are the prime factors of l(-13)?
3, 5, 43
Let s(x) = -x**2 - 5*x + 3. Let m be ((-2)/(-5))/(3/(-45)). Let r be s(m). Let u(y) = 3*y**2 + y - 1. List the prime factors of u(r).
23
Suppose -166*k + 55860 = -147*k. List the prime factors of k.
2, 3, 5, 7
Let n be (-17)/15 + (-8)/(-60). Let x be 313 - n - (0 - -4). List the prime factors of x/(-15)*(-3)/2.
31
Suppose 0 = 4*a - 29 - 7. Suppose 5*r - 20 = 0, j + a*r = 4*r + 23. List the prime factors of (114/3 - j) + -1.
2, 17
Let k = 77 - -84. List the prime factors of k.
7, 23
Let w(x) = 2*x**2 - x + 3. Let s be w(5). Suppose q - 38 = s. What are the prime factors of q?
2, 43
Let i be -2 - (-4 + 4 + -2). What are the prime factors of 10*(i - 3/(-5))?
2, 3
Let j(t) = -508*t - 100. List the prime factors of j(-3).
2, 89
Let j(s) = s + 6. Let n be j(-4). Let x be n/(((-24)/(-15))/4). Suppose -1 = a + x*b - 25, -16 = -a - 3*b. List the prime factors of a.
2
Suppose -14*f + 10*f - 124 = 0. Let j = 33 + f. Suppose -p - 33 = -3*g + j*p, 5*g + 3*p = 55. List the prime factors of g.
11
Let y(o) = -2*o**3 + 7*o**2 - 6*o - 57. What are the prime factors of y(-8)?
7, 11, 19
Suppose -c + h = -45 - 27, 4*h - 280 = -4*c. Suppose 2*z = 0, t + 43 = 2*z + z. Let g = c + t. List the prime factors of g.
2, 7
Suppose -7 = -42*z + 43*z. Let o(j) = -10*j + 3. List the prime factors of o(z).
73
Let n = -15 + 19. Suppose -n*p + 735 = 23. List the prime factors of p.
2, 89
Let j be (-2)/((-11)/((-4565)/10)). What are the prime factors of (3 + j)/(18/(-27))?
2, 3, 5
Let b = -147 - 117. Let r = b + 386. What are the prime factors of r?
2, 61
Let t be ((-18)/27)/((-2)/534). Let f = t - 30. Suppose -4*a - z = a - f, -3*a = 5*z - 102. What are the prime factors of a?
29
Suppose -5*a - 173 = -2*t, -2*t + 7*t + 13 = -a. Let f = a - -18. Let i = f - -33. What are the prime factors of i?
2, 3
Suppose -4*n = n + 10, 14 = -2*w - 2*n. Let h(g) = -30*g - 15. Let l be h(w). What are the prime factors of (l/(-10) - 3)*-2?
3, 11
Suppose 20 = 4*c + 8, 3*r = -4*c + 42. Suppose r*b - 502 = -162. What are the prime factors of b?
2, 17
Let o(f) = -1 - 2 - 9*f + 3. Let k(g) = -g**3 + 10*g**2 - 2*g + 18. Let p be k(10). List the prime factors of o(p).
2, 3
Let v(b) = 2*b**2 + 19*b + 37. List the prime factors of v(13).
2, 311
Let j be ((-30)/9)/5*-318. Suppose 0 = s + 41 - j. What are the prime factors of s?
3, 19
Suppose -280 = 10*v + 300. Let j = 102 + v. List the prime factors of j.
2, 11
Suppose 4*c - 10 - 6 = 0. Suppose c*h + 4*x - 568 = 0, 132 - 2 = h - 5*x. Suppose -h = -5*j - 3*f, 0 = 5*j - 2*f - 96 - 69. What are the prime factors of j?
31
Let l be (0 + -13)*(7 - 8). Suppose -754 = -l*k - 0*k. What are the prime factors of k?
2, 29
Suppose -h - 3*k = -17, 3*k = 3 + 3. Suppose -2*t = -133 - h. What are the prime factors of t?
2, 3
Suppose 3*i + 5*a - 184 = 0, -2*a + 0*a + 128 = 2*i. List the prime factors of i/10*(-6 + 16).
2, 17
Suppose 5*f + 2*s = 77 - 20, 5*f + s = 61. Suppose 9*u - f*u = 24. What are the prime factors of -3*4/u + 27?
29
Suppose 0 = -2*c - 3*n + 1018, 2056 = 4*c + 3*n - 2*n. What are the prime factors of c?
5, 103
Let q be 2/(-10)*(8 - 13). Let o be (q + 1)/(26/(-91)). Let s = o + 52. What are the prime factors of s?
3, 5
Let x be (-9)/(-9) - (2 - 3). Suppose -3*f - m = -101, 2*f = -x*f + 5*m + 122. List the prime factors of f.
3, 11
Let u be ((-18)/(-8))/(4/(-16)). List the prime factors of u + 5 - -53*1.
7
Suppose 0 = -4*v - 2*v - 126. List the prime factors of (75/45)/((-1)/v).
5, 7
Let y = -15 + 11. Let i(f) = -15*f - 16. What are the prime factors of i(y)?
2, 11
Let c = 6629 - 4578. What are the prime factors of c?
7, 293
Let s(x) = 20*x + 1. Let r be s(-9). Let j = -49 - r. List the prime factors of j.
2, 5, 13
What are the prime factors of 17635/7 + (-32)/112?
11, 229
Let i(d) = -62*d + 33. Let c(m) = 21*m - 11. Let g(f) = -11*c(f) - 4*i(f). What are the prime factors of g(7)?
2, 3
Suppose 7*q - 2*q - 2675 = 0. What are the prime factors of q?
5, 107
Let q = -270 + 662. List the prime factors of q.
2, 7
Let o be -33*(40/12 - 5). Suppose -o = -2*d - 37. 